(y) = -7*y + 7*y - 2*y + 8. Calculate i(6).
-4
Let r(w) be the third derivative of w**7/840 - w**6/90 - w**5/120 + w**3 - 2*w**2. Let l(z) be the first derivative of r(z). Give l(4).
-4
Let p = 20 - 12. Suppose -p*w + 3*w = -130. Suppose g + 10 = 5*n, 0*g = -n + 5*g + w. Let q(m) = -5*m. Determine q(n).
-5
Let q(a) = a**3 - 7*a**2 + 6*a + 3. Suppose -3*d + 124 = 106. Calculate q(d).
3
Let r(v) be the third derivative of v**4/12 - 7*v**3/6 - v**2. Suppose -90*s - 45 = -99*s. Calculate r(s).
3
Let h be 6/((-1)/(2/(-3))). Suppose -c - 3*c = -2*g + 2, -g = -3*c - h. Let p(v) = 2*v. What is p(c)?
-6
Let r(g) = -6*g + 6. Let x(z) = -4*z + 4. Let c(k) be the first derivative of k**2 - 9*k + 1. Let m be c(7). Let b(q) = m*r(q) - 8*x(q). Give b(4).
6
Let c(f) be the first derivative of -4*f**2 + f**2 - 1 + 2*f + f**2. Let m be (-1 + 10/4)*2. Determine c(m).
-10
Suppose -4*o + 2*h = -34, 2*h = 3*o - 10 - 18. Let x(j) = -1 + 4*j - o*j + 3*j. What is x(-2)?
-3
Let q(f) be the second derivative of f**5/20 - f**4/2 - f**3/2 + 5*f**2/2 - 7*f. What is q(6)?
-13
Let q(c) = 5*c**2 - 3 - 4*c - 3*c**2 + 2. Give q(3).
5
Let v(t) = -2*t**2 + t + 2*t**2 - 10 + t**3. Let l be -4 + 6 - (1 + 1). Give v(l).
-10
Let f(l) be the second derivative of -l**2 + 0 - 2*l + 1/6*l**3. Determine f(-2).
-4
Let t = 1 - -4. Let x(m) = -m**2 + 6*m - 1. Determine x(t).
4
Let r(o) = -5*o - 6*o**3 - 5*o**2 + 8*o**2 + 7*o**3 - 1. Let y be 1 - (-1 + 1 + -1). Let v = y + -6. What is r(v)?
3
Let r(y) = 10*y**2 + y - 25. Let m(l) = 7*l**2 + l - 17. Let u(g) = 7*m(g) - 5*r(g). Suppose 3*b = -4*t + 18 - 3, 5*b = -2*t + 25. Determine u(b).
-9
Let m(l) = -11*l**2 - 23*l - 12. Let f(a) = 5*a**2 + 11*a + 6. Let h(i) = 9*f(i) + 4*m(i). What is h(-5)?
-4
Let j(u) = -2*u. Let b be j(-1). Let t(z) = -z - 4 - 4*z + 4*z**b - 3*z**2 + z**2. What is t(4)?
8
Let o(u) = u - 1. Let s be o(5). Let q(i) be the second derivative of i**5/20 - i**4/3 - i**3/6 - i**2 + 13*i + 1. Give q(s).
-6
Let a(w) = -2*w + 3. Suppose -4*v = -5*v - 4*t - 1, -4*t = 8. What is a(v)?
-11
Let d(t) be the first derivative of t**2/2 + 2*t + 7. Determine d(-2).
0
Let w(y) = -y - 3. Let f(n) = n**3 + 6*n**2 - n - 10. Let u be f(-5). Let k = -17 + u. What is w(k)?
-6
Let x(u) = -u**2 - 4*u - 5. Let t be (-1)/((-18)/15 - -1). Let z(k) = 2*k**2 + 8*k + 9. Let c(a) = t*x(a) + 3*z(a). Calculate c(-3).
-1
Let o(b) be the first derivative of b**4/4 - b**3/3 + b + 19. Determine o(-1).
-1
Let t = 5 + -7. Suppose 0*s - 3*s + 9 = 0. Let p(x) = -x**3 - 3*x**2 - 6*x - 3. Let m(u) = u**3 + 3*u**2 + 7*u + 4. Let v(n) = s*m(n) + 4*p(n). Determine v(t).
2
Suppose 0 = 3*t - 2*t + 4*i + 14, -4*i = 8. Let f(c) = 2*c + 9. What is f(t)?
-3
Let i = -17 + 12. Let c(u) = -u**3 - 6*u**2 - 5*u - 3. What is c(i)?
-3
Let a be (-16)/4 - 0/1. Let y(g) be the third derivative of g**4/24 - g**3/2 - 32*g**2. Calculate y(a).
-7
Let p(w) = 3*w**3 - 3*w**2 - w + 2. Let x(z) = -2*z - 2. Let g(f) = f**2 - 7*f - 10. Suppose 5 = s - 3. Let r be g(s). Let i be x(r). Calculate p(i).
12
Let s(n) = -3*n - 7. Let h(c) = 2*c + 1. Let p(b) = -2*h(b) - s(b). Give p(-5).
10
Let i(k) = -k**2 - 14*k - 12. Let s(o) = -o**2 + 7*o + 32. Let x be s(-4). Calculate i(x).
12
Let i = -10 + 7. Let p(o) = -7 + 4 + 1 - o. Calculate p(i).
1
Let x(k) = -2*k - 4. Let h be x(-4). Suppose 3*m + 3 = 0, m - 5 = -2*u - h*m. Let y(a) = -a**2 + 8*a - 7. Give y(u).
8
Let v(a) be the first derivative of -a**4/4 - 4*a**3/3 - 2*a**2 + a + 3. Suppose -7*n + 2*n = 0. Suppose 0 = -3*b - 9 - n. Give v(b).
4
Let p(t) = 6 - t - 3*t - 4*t - 2 + t**2. Calculate p(7).
-3
Let p(h) be the first derivative of h**2/2 + 6*h + 9. Determine p(-6).
0
Suppose 0 = 5*v + 3*t + 18, -2*t = -2*v - t - 5. Let u(o) = 2*o - 13. Let l(d) = 3*d - 24. Let h(f) = 5*l(f) - 9*u(f). Give h(v).
6
Let t = -7 + 16. Let w be 2/(-3)*t/(-6). Let y(h) = 9*h - 1. Give y(w).
8
Let k(s) = -4*s - 4. Let g = -13 - -10. Calculate k(g).
8
Suppose -x - 2*d = 2, 2*x - 11*d = -8*d + 10. Let f(j) = 3*j - 3. Give f(x).
3
Suppose 2 = -2*c - 10. Let b be ((-2)/(-4))/(c/(-24)). Let w(z) = 2*z. Let m(t) = -4*t. Let j(r) = -2*m(r) - 5*w(r). What is j(b)?
-4
Let l(f) = 5 + 6 - 5*f - 11. Calculate l(-1).
5
Let a be (-5 - (3 + -7))/(2/12). Let v(o) = o + 1 + 0 + 0*o. Calculate v(a).
-5
Let c = 0 - -5. Suppose 0*b - 6 = -b + 4*w, 15 = c*b - 5*w. Let k(r) = -10 + 0*r + 8 + r**2 - r. Determine k(b).
0
Let k(s) = -1 + s**3 + 8 - 3 + 2 - 4*s**2 - 6*s. Let n be (-8)/36 - 94/(-18). What is k(n)?
1
Let d(q) = q**2 - 3. Let p = 2 - 4. Let y be 0 + p + 0 + -1. What is d(y)?
6
Let n(z) = 7*z**2 + z. Let g be (-2)/15 + (-235)/(-75). Let u(y) = y - 2. Let f be u(g). Calculate n(f).
8
Let y = -273/2 + 140. Let j(z) be the second derivative of -4/3*z**3 + 0 + 1/20*z**5 - 5/12*z**4 + y*z**2 - 2*z. What is j(6)?
-5
Let q(n) = n**3 + n**2 - 5*n - 4. Suppose 3*u + 5*x = 3*x - 9, 0 = x. Determine q(u).
-7
Let b = -13 - -6. Let i(u) be the third derivative of u**6/120 + u**5/10 - u**4/3 - 7*u**3/6 - 33*u**2. Give i(b).
0
Let i(y) be the second derivative of 2*y - 1/3*y**3 + 1/20*y**5 + 0*y**4 + 3/2*y**2 + 0. Let m(r) = r**3 + 4*r**2 + 2*r - 2. Let d be m(-2). Give i(d).
7
Let q = 2 - -3. Let r(s) = 5*s**2 - q - 2*s**3 - 2*s + 3*s**3 - 1. Determine r(-5).
4
Suppose -n - x - 3*x - 14 = 0, 4*n = -x + 4. Let r(g) = -g + 1. Determine r(n).
-1
Let r(b) be the third derivative of b**4/24 - b**3/6 + b**2. Let v be (3/6)/(1/(-6)). Let x be (v - -2)/(1/(-3)). What is r(x)?
2
Let w(x) be the first derivative of x**3/3 - x - 2. Let d be w(1). Let y be (d - (-1)/(-3))*-15. Let k(t) = t**3 - 6*t**2 + 6*t + 5. Calculate k(y).
10
Let f(z) = -z**2 + z + 11. Let s = -19 - -28. Suppose 6*c - s*c = 0. What is f(c)?
11
Let l(u) = -324 + 644 - 320 + 3*u. Determine l(6).
18
Let w be (2/4)/(2/(-8)). Suppose 0 = 5*l - 5*p, 0 = l - 4*p + 6 - 0. Let g(i) = -3*i + 0*i + 5*i + 4 - l. Calculate g(w).
-2
Suppose 2*n - 5 = -p, 0*p = 5*n + 4*p - 5. Let h(b) = -2*b + 2. What is h(n)?
-8
Let w(n) = -n**3 + n**2 + 2*n - 1. Let u = -12 - -7. Let z be u/(-2)*12/15. Let a be (0 - -1) + z + -2. Calculate w(a).
1
Suppose 11 = s + 2. Let d(v) = 1 - s*v + 3 - v**2 + 15*v. What is d(6)?
4
Let s(h) = -h**3 + 4*h**2 + h - 2. Let n be s(4). Let g(o) be the first derivative of o - 1/2*o**n + 1. Give g(-5).
6
Suppose 5*q = -4 + 14. Suppose i + 4 = f - 1, q*f + i - 7 = 0. Let x(t) = t**3 - 5*t**2 + t + 3. Determine x(f).
-9
Let b(k) be the first derivative of 7*k**3/3 - 2*k**2 - 7*k + 3. Let f(x) = 13*x**2 - 8*x - 14. Let p(u) = -11*b(u) + 6*f(u). Calculate p(6).
5
Let g = -13 + 7. Let n(t) be the second derivative of -t**4/12 - t**3 + 3*t**2/2 + 6*t. What is n(g)?
3
Let w(u) = u**2 + 1. Let b(v) = -2*v**2 + 3 + 5*v**2 + 0*v + 2*v. Let t(o) = -b(o) + 4*w(o). Let l(h) be the first derivative of t(h). Give l(4).
6
Let d(t) = -9*t - 6*t - 2 + 16*t - 6*t. Calculate d(-2).
8
Suppose 158 = -3*m + 164. Let r(s) = 2*s**2 - s. What is r(m)?
6
Let i = 9 + -3. Let j(h) = -3*h - h**2 - 4*h**2 + i*h**2. Let z = 0 - -4. Calculate j(z).
4
Let n(b) be the second derivative of 0 - 2*b**2 + 2*b + 1/2*b**3. Give n(3).
5
Let v = -23 - -16. Let d(c) = -8*c**2 - 1. Let q(l) = 25*l**2 + 3. Let w(j) = v*d(j) - 2*q(j). Let p = -23 + 22. What is w(p)?
7
Let s(t) = -8*t - 4. Let k(b) = -b**2 + 16*b + 77. Let p be k(20). Determine s(p).
20
Suppose -2*s + 10 = -3*l, -3*l = -5*s - 4*l + 8. Suppose 3*t = -1 - s. Let k(g) = -2*g. Calculate k(t).
2
Let m(p) = -p**2 - 6*p - 3. Suppose 2 = -5*b + 32. Let h = 1 - b. Calculate m(h).
2
Let y(f) = f**2 + 2*f + 1. Let o be 0/(-2*(1 + -2)). Suppose 17 = -z - 4*a, -z + a = -o - 8. Suppose z = -3*s - 6. Determine y(s).
4
Let h(l) be the second derivative of -4*l + 5/2*l**2 + 1/3*l**3 + 0. What is h(-4)?
-3
Let w(u) = -u + 10. Let z be w(5). Let c(v) = -3 - 3*v - v**3 + z*v + 0*v**2 + 3*v**2. Suppose 0 = -9*t + 25 + 2. Calculate c(t).
3
Let m(x) be the second derivative of -x**5/20 + x**4/6 + x**3/3 + 3*x**2/2 - x. Let k(r) = r**3 - 7*r**2 + 4*r + 15. Let o be k(6). Calculate m(o).
0
Let z(v) = 2*v - 1 - v + v**3 + 3*v - 1 - 5*v**2. Give z(4).
-2
Let g(y) = 1 + 2*y + 0*y - 3*y - 2. What is g(-6)?
5
Let q(h) = -h**3 + 5*h**2 - h - 5. Let a be 11 - (-4)/(4/(-1)). Let m be (-1*1)/(a/(-50)). What is q(m)?
-10
Let n(j) = -3*j - j + 0